05?
5, 17, 151, 683
What are the prime factors of 278292?
2, 3, 7, 3313
What are the prime factors of 13217504?
2, 29, 14243
What are the prime factors of 211365?
3, 5, 7, 11, 61
List the prime factors of 350379.
3, 19, 683
What are the prime factors of 15163492?
2, 1553, 2441
List the prime factors of 2758635.
3, 5, 11, 5573
What are the prime factors of 2522166?
2, 3, 420361
What are the prime factors of 271443?
3, 90481
List the prime factors of 21860200.
2, 5, 29, 3769
What are the prime factors of 2180700?
2, 3, 5, 2423
What are the prime factors of 36037763?
61, 601, 983
List the prime factors of 8114566.
2, 317, 12799
What are the prime factors of 113727?
3, 167, 227
What are the prime factors of 3676577?
3676577
What are the prime factors of 10864251?
3, 43, 67, 419
List the prime factors of 343477.
97, 3541
What are the prime factors of 6624123?
3, 11, 200731
List the prime factors of 928650.
2, 3, 5, 41, 151
List the prime factors of 4454443.
7, 90907
What are the prime factors of 308557?
97, 3181
What are the prime factors of 4267251?
3, 251, 1889
What are the prime factors of 1995482?
2, 997741
List the prime factors of 4416646.
2, 13, 73, 179
List the prime factors of 26413.
61, 433
What are the prime factors of 19638723?
3, 13, 17, 19, 1559
What are the prime factors of 152640?
2, 3, 5, 53
What are the prime factors of 11121864?
2, 3, 13, 43, 829
What are the prime factors of 809997?
3, 83, 3253
What are the prime factors of 7455287?
7, 1065041
List the prime factors of 972595.
5, 13, 1151
List the prime factors of 2708422.
2, 47, 28813
What are the prime factors of 60162?
2, 3, 37, 271
What are the prime factors of 5255644?
2, 1313911
List the prime factors of 273502.
2, 136751
What are the prime factors of 119540?
2, 5, 43, 139
List the prime factors of 44668.
2, 13, 859
List the prime factors of 4654931.
127, 36653
What are the prime factors of 18527675?
5, 83, 8929
List the prime factors of 1061344.
2, 17, 1951
List the prime factors of 2339269.
79, 29611
List the prime factors of 35423.
35423
What are the prime factors of 7349458?
2, 37, 99317
List the prime factors of 2648595.
3, 5, 176573
List the prime factors of 8547335.
5, 71, 24077
What are the prime factors of 190513?
19, 37, 271
List the prime factors of 43527.
3, 11, 1319
List the prime factors of 528422.
2, 264211
What are the prime factors of 112329?
3, 7, 1783
What are the prime factors of 126879?
3, 42293
What are the prime factors of 2647145?
5, 389, 1361
List the prime factors of 138648.
2, 3, 53, 109
List the prime factors of 981041.
29, 33829
List the prime factors of 8896153.
7, 1270879
What are the prime factors of 4158282?
2, 3, 37, 18731
List the prime factors of 85635.
3, 5, 11, 173
What are the prime factors of 9462010?
2, 5, 37, 107, 239
What are the prime factors of 6799149?
3, 7, 107923
List the prime factors of 265642.
2, 13, 17, 601
List the prime factors of 632231.
632231
List the prime factors of 80688.
2, 3, 41
List the prime factors of 7326609.
3, 17, 19, 7561
List the prime factors of 4230602.
2, 2115301
What are the prime factors of 1333200?
2, 3, 5, 11, 101
What are the prime factors of 18631150?
2, 5, 17, 23, 953
List the prime factors of 176148.
2, 3, 7, 233
What are the prime factors of 3253204?
2, 813301
List the prime factors of 708426.
2, 3, 4373
What are the prime factors of 668851?
668851
What are the prime factors of 164111?
29, 5659
List the prime factors of 514383.
3, 31, 5531
What are the prime factors of 3013604?
2, 11, 68491
List the prime factors of 1058651.
11, 157, 613
What are the prime factors of 3453191?
7, 493313
List the prime factors of 24262.
2, 7, 1733
What are the prime factors of 1692161?
1692161
What are the prime factors of 2386411?
23, 31, 3347
List the prime factors of 1776242.
2, 13, 53, 1289
List the prime factors of 1794517.
1794517
What are the prime factors of 1168939?
547, 2137
List the prime factors of 2160529.
7, 29, 367
What are the prime factors of 1033254?
2, 3, 137, 419
List the prime factors of 1993730.
2, 5, 199373
What are the prime factors of 81697?
7, 11, 1061
What are the prime factors of 144699?
3, 139, 347
What are the prime factors of 1138359?
3, 229, 1657
List the prime factors of 94844.
2, 131, 181
What are the prime factors of 2402972?
2, 11, 13, 4201
List the prime factors of 52933.
43, 1231
What are the prime factors of 299797?
409, 733
List the prime factors of 31235660.
2, 5, 61, 25603
What are the prime factors of 3276964?
2, 819241
List the prime factors of 114709.
7, 2341
List the prime factors of 3224242.
2, 7, 230303
List the prime factors of 22667210.
2, 5, 59, 103, 373
List the prime factors of 386798.
2, 37, 5227
What are the prime factors of 20909166?
2, 3, 3484861
What are the prime factors of 120379?
7, 29, 593
List the prime factors of 21808429.
37, 647, 911
What are the prime factors of 2378395?
5, 475679
What are the prime factors of 101878?
2, 7, 19, 383
List the prime factors of 5761005.
3, 5, 384067
List the prime factors of 1506978.
2, 3, 11, 43, 59
List the prime factors of 4670485.
5, 19, 211, 233
What are the prime factors of 65273?
13, 5021
List the prime factors of 1039228.
2, 73, 3559
List the prime factors of 1064665.
5, 7, 19, 1601
What are the prime factors of 950583?
3, 316861
What are the prime factors of 13712?
2, 857
List the prime factors of 21985028.
2, 13, 422789
List the prime factors of 163175.
5, 61, 107
List the prime factors of 124429.
124429
List the prime factors of 21185602.
2, 29, 41, 59, 151
List the prime factors of 45539.
13, 31, 113
What are the prime factors of 14108095?
5, 223, 12653
List the prime factors of 393794.
2, 19, 43, 241
What are the prime factors of 3278554?
2, 503, 3259
What are the prime factors of 3756167?
17, 19, 29, 401
What are the prime factors of 6678204?
2, 3, 13, 37, 89
List the prime factors of 9037725.
3, 5, 120503
List the prime factors of 272168.
2, 13, 2617
What are the prime factors of 1474708?
2, 29, 12713
List the prime factors of 489854.
2, 23, 463
What are the prime factors of 1352468?
2, 13, 31, 839
List the prime factors of 7774849.
7774849
List the prime factors of 6277200.
2, 3, 5, 5231
List the prime factors of 3236527.
7, 462361
What are the prime factors of 16558192?
2, 7, 163, 907
What are the prime factors of 15950496?
2, 3, 166151
What are the prime factors of 19609505?
5, 43, 223, 409
What are the prime factors of 178925?
5, 17, 421
What are the prime factors of 27571422?
2, 3, 47, 97771
List the prime factors of 70164.
2, 3, 1949
What are the prime factors of 3446932?
2, 861733
What are the prime factors of 349869?
3, 13, 8971
List the prime factors of 767957.
767957
List the prime factors of 4028327.
71, 56737
What are the prime factors of 2004858?
2, 3, 137, 271
List the prime factors of 4149268.
2, 1037317
List the prime factors of 2966604.
2, 3, 173, 1429
List the prime factors of 1816550.
2, 5, 47, 773
List the prime factors of 2409385.
5, 11, 71, 617
What are the prime factors of 690771?
3, 230257
What are the prime factors of 5164015?
5, 1032803
What are the prime factors of 905643?
3, 47, 2141
What are the prime factors of 545544?
2, 3, 7577
What are the prime factors of 1017342?
2, 3, 56519
List the prime factors of 2705962.
2, 7, 193283
What are the prime factors of 362466?
2, 3, 13, 1549
List the prime factors of 1006589.
1006589
What are the prime factors of 93354?
2, 3, 15559
List the prime factors of 2468626.
2, 127, 9719
What are the prime factors of 5988128?
2, 187129
What are the prime factors of 588631?
588631
List the prime factors of 5426429.
601, 9029
What are the prime factors of 3348822?
2, 3, 433, 1289
List the prime factors of 499097.
337, 1481
List the prime factors of 1270766.
2, 7, 12967
What are the prime factors of 8208682?
2, 29, 141529
List the prime factors of 304048.
2, 31, 613
List the prime factors of 4713467.
11, 37, 313
List the prime factors of 362528.
2, 11329
List the prime factors of 2213277.
3, 11, 47, 1427
What are the prime factors of 5263790?
2, 5, 7, 29, 2593
What are the prime factors of 2581704?
2, 3, 23, 1559
What are the prime factors of 753544?
2, 11, 8563
What are the prime factors of 918899?
918899
List the prime factors of 187240.
2